{"id":179,"date":"2021-12-05T20:11:01","date_gmt":"2021-12-05T19:11:01","guid":{"rendered":"https:\/\/dev.goldaia.com\/blog\/?page_id=179"},"modified":"2021-12-05T21:00:18","modified_gmt":"2021-12-05T20:00:18","slug":"manifeste","status":"publish","type":"page","link":"https:\/\/dev.goldaia.com\/blog\/manifeste\/","title":{"rendered":"Manifeste"},"content":{"rendered":"\n<p><strong>Goldaia et les mots<\/strong><\/p>\n\n\n\n<p>Goldaia fa\u00e7onne les bijoux autant que les mots<strong>.<\/strong> Depuis nos d\u00e9buts, nous exprimons notre processus de cr\u00e9ation, nous mettons en mots chacune de nos inspirations et nous \u00e9crivons chaque \u00e9tape de notre cheminement. Si ce sont bien nos bijoux que nous proposons, nous pensons qu\u2019il est primordial de poser le cadre, de donner \u00e0 voir le contexte et de dire ce que nous sommes en l\u2019\u00e9crivant en majuscules. Il faut bousculer l\u2019aspect rigide des marques qui ne disent rien et faire du langage un vecteur de partage.&nbsp;<\/p>\n\n\n\n<p>C\u2019est en ce sens que nous parlons sans cesse sur nos r\u00e9seaux sociaux : pour vous dire ce qui nous anime et \u00e9changer des mots avec vous. C\u2019est aussi pour cela, que le fondateur, T\u00e9h\u00e9 Oula, a \u00e9crit son <a href=\"https:\/\/www.goldaia.com\/livre-goldaia-art-de-croire-en-son-etoile\" data-type=\"URL\" data-id=\"https:\/\/www.goldaia.com\/livre-goldaia-art-de-croire-en-son-etoile\">premier livre intitul\u00e9 \u00ab\u00a0L&rsquo;art de croire en son \u00e9toile\u00a0\u00bb<\/a> : pour mettre en mots ce qui lui a permis de poursuivre son r\u00eave et vous transmettre ainsi cette m\u00eame envie.&nbsp;<\/p>\n\n\n\n<p>C\u2019est alors, naturellement, que nous voulons \u00e9crire plus, dire plus, partager plus. L\u2019\u00e9toile Goldaia est devenue constellation : diff\u00e9rents th\u00e8mes, inspirations, stimulations gravitent autour d\u2019elle. Par ce blog, il s\u2019agit de poser un regard int\u00e9rieur sur les milieux que nous traversons, d\u2019en traiter les grandes probl\u00e9matiques et d\u2019en faire parler les acteurs.&nbsp;<\/p>\n\n\n\n<p><strong>Donner la parole<\/strong><\/p>\n\n\n\n<p>Donner la parole c\u2019est d\u2019abord faire entendre la voix de profils qui nous ressemblent. C\u2019est rendre l\u00e9gitime ce monde d\u2019assoiff\u00e9s de r\u00e9ussite qui veulent bousculer les codes. C\u2019est donner le micro \u00e0 des personnes qui sont anim\u00e9es par ce qu\u2019elles entreprennent et qui portent leur \u00e9toile fi\u00e8rement jusqu\u2019\u00e0 la r\u00e9alisation de ce qu\u2019elles sont.<\/p>\n\n\n\n<p>Autour d\u2019interviews, elles nous parlent d\u2019elles et du milieu dans lequel elles \u00e9voluent. Ces moments de partage permettent d\u2019inspirer autant que de renseigner<strong>. <\/strong>Inspirer ceux qui s\u2019orientent vers les m\u00eames objectifs et renseigner, par l\u2019interm\u00e9diaire d\u2019un regard int\u00e9rieur, sur l\u2019actualit\u00e9 et le devenir de diff\u00e9rents milieux comme ceux de la mode, de la psychologie sociale, de la musique, du sport, du journalisme\u2026<\/p>\n\n\n\n<p><strong>Partager nos exp\u00e9riences<\/strong><\/p>\n\n\n\n<p>Plus qu\u2019une marque, nous sommes un mouvement. Ainsi partager nos exp\u00e9riences permet de donner \u00e0 voir notre univers. Il s\u2019agit de mettre en lumi\u00e8re autant les actualit\u00e9s de la marque que le lifestyle de notre \u00e9quipe. L\u2019\u00e9volution de la marque est ponctu\u00e9e d\u2019\u00e9v\u00e9nements marquants, de nouveaut\u00e9s concernant les collections de bijoux, les sorties de livres ou le d\u00e9veloppement du p\u00f4le formation.&nbsp;<\/p>\n\n\n\n<p>Mais partager nos exp\u00e9riences revient aussi \u00e0 parler de ce que l\u2019on vit. Ancr\u00e9s dans notre temps, nous sommes \u00e0 l\u2019aff\u00fbt de lieux aussi novateurs qu\u2019en marge, d\u2019\u00e9v\u00e9nements culturels qui permettent d\u2019\u00e9clairer un peu plus les domaines qui nous tiennent \u00e0 c\u0153ur. Pr\u00e9senter les p\u00e9rip\u00e9ties de notre \u00e9quipe permet de mettre en lumi\u00e8re les sources d\u2019inspiration qui accompagnent nos cr\u00e9ations.&nbsp;<\/p>\n\n\n\n<p><strong>Poser un regard&nbsp;<\/strong><\/p>\n\n\n\n<p>De l\u2019art du bijou aux expressions plurielles du monde urbain, nous traversons diff\u00e9rentes sph\u00e8res. Notre regard se pose sur les fondations de ces milieux autant que sur les tendances qu\u2019ils augurent. Les identit\u00e9s plurielles de notre \u00e9quipe ou des personnes que nous rencontrons nous permettent d\u2019avoir des prismes vari\u00e9s.<\/p>\n\n\n\n<p>Les explorer tous nous am\u00e8ne \u00e0 nous questionner. A poser plus qu\u2019un regard, \u00e0 poser des questions. Nous souhaitons donc mettre nos exp\u00e9riences au service d&rsquo;articles qui interrogent, de mani\u00e8re d\u00e9velopp\u00e9e et document\u00e9e, les probl\u00e9matiques de notre temps.<\/p>\n\n\n\n<p>Pr\u00eats \u00e0 faire partie de notre constellation ?&nbsp;<\/p>\n\n\n\n<p><strong><em>Miryam Kchibl<\/em><\/strong><\/p>\n","protected":false},"excerpt":{"rendered":"<p>Goldaia et les mots Goldaia fa\u00e7onne les bijoux autant que les mots. Depuis nos d\u00e9buts, nous exprimons notre processus de cr\u00e9ation, nous mettons en mots &hellip;<\/p>\n","protected":false},"author":2,"featured_media":0,"parent":0,"menu_order":0,"comment_status":"closed","ping_status":"closed","template":"","meta":{"footnotes":""},"_links":{"self":[{"href":"https:\/\/dev.goldaia.com\/blog\/wp-json\/wp\/v2\/pages\/179"}],"collection":[{"href":"https:\/\/dev.goldaia.com\/blog\/wp-json\/wp\/v2\/pages"}],"about":[{"href":"https:\/\/dev.goldaia.com\/blog\/wp-json\/wp\/v2\/types\/page"}],"author":[{"embeddable":true,"href":"https:\/\/dev.goldaia.com\/blog\/wp-json\/wp\/v2\/users\/2"}],"replies":[{"embeddable":true,"href":"https:\/\/dev.goldaia.com\/blog\/wp-json\/wp\/v2\/comments?post=179"}],"version-history":[{"count":2,"href":"https:\/\/dev.goldaia.com\/blog\/wp-json\/wp\/v2\/pages\/179\/revisions"}],"predecessor-version":[{"id":197,"href":"https:\/\/dev.goldaia.com\/blog\/wp-json\/wp\/v2\/pages\/179\/revisions\/197"}],"wp:attachment":[{"href":"https:\/\/dev.goldaia.com\/blog\/wp-json\/wp\/v2\/media?parent=179"}],"curies":[{"name":"wp","href":"https:\/\/api.w.org\/{rel}","templated":true}]}}